emainder when w(-6) is divided by p(-4).
14
Let t(o) = -o**3 + 6*o**2 + 2*o + 5. Let y be t(-4). Let c(a) = -21*a + 1. Let k be c(3). Let s = y + k. Calculate the remainder when s is divided by 32.
31
Suppose -3*b + 11*b + 8 = 0. Let k(d) = 2 + d + 3*d**2 - 4*d**2 + d**2 + 7*d**2. What is the remainder when k(b) is divided by 5?
3
Suppose 9*j - 6284 = 331. What is the remainder when j is divided by 67?
65
Let q = -318 - -360. Suppose 3*s = -2*s + 155. Let r = s + -16. Calculate the remainder when q is divided by r.
12
Let l(h) = h + 12. What is the remainder when 122 is divided by l(20)?
26
Let s(z) = z**3 + 11*z**2 - 11*z - 44. What is the remainder when s(-7) is divided by 36?
13
Suppose -2*y + 0*y + 62 = 4*z, -3*y = 4*z - 65. Calculate the remainder when 34 is divided by z + -6 + 2/(-1).
4
Suppose 3*s + y - 317 = 0, -4*s + 69 = -2*y - 357. What is the remainder when s is divided by 2/(-7) - (-1337)/49?
25
Let k(h) = -h**2 - 4*h - 7. Let t be k(-5). What is the remainder when 2838/24 + 3/t is divided by 20?
18
Suppose -19*u = 55*u - 1850. What is the remainder when 521 is divided by u?
21
Suppose 125 = 3*n - 4*z, -2*n - 3*z = n - 90. Let u = 13 + n. Calculate the remainder when u is divided by 10.
8
Suppose 5*n = 4*n + 53. Let d = 48 - 36. Suppose -243 = -d*q + 3*q. Calculate the remainder when n is divided by q.
26
Let c(s) be the first derivative of s**3 + 3*s**2/2 - 3*s + 2. Suppose 0 = x - 196 + 138. What is the remainder when x is divided by c(2)?
13
Suppose 2*z = -k + 10, -5*k - 11 = -3*z + 4. Let g(d) = 3*d + 10. Calculate the remainder when g(z) is divided by 7.
4
Suppose 21*p + 2*w + 732 = 25*p, 536 = 3*p + 5*w. What is the remainder when p is divided by 23?
21
Suppose -30*v + 26*v = -3168. Suppose 4*q = -4*c - 198 + 994, -4*q + v = 3*c. What is the remainder when q is divided by 28?
27
Let u be 36/(2 - 1 - 0). Suppose -126 = -5*n - x, -3*n - 4*x + u = -n. What is the remainder when n is divided by 7?
5
Calculate the remainder when 352 is divided by (-2)/(-16) - (-3 + 2061/(-24)).
85
Suppose 4*f + 101 = h + f, -3*f + 202 = 2*h. Suppose 12 = s - 14. What is the remainder when h is divided by s?
23
Suppose 29*f + 340 = 49*f. What is the remainder when 1206 is divided by f?
16
Suppose 5*k + 3*j - 627 = 0, -4*k = -k + 2*j - 377. Suppose k = 5*r - 162. Calculate the remainder when r is divided by 30.
27
Let g = -75 + 117. Let z = g - 25. Let k = 40 + 10. What is the remainder when k is divided by z?
16
Suppose 10607*l - 10618*l = -154. What is the remainder when 1075 is divided by l?
11
Let c(m) = -21*m + 2. Let z be c(-1). Let a = 38 - z. Calculate the remainder when 43 is divided by a.
13
Suppose 0 = -12*s + 1121 - 17. Let i = 40 + s. What is the remainder when i is divided by 7?
6
Let i = -84 - -114. Calculate the remainder when 34 is divided by i.
4
Calculate the remainder when (3 - (-6)/(-4))*2200/33 is divided by (13/(455/(-84)))/((-2)/5).
4
Let p(c) = c**3 + 1. Let r(b) = 6 - 4*b**2 + 0*b**2 + 4*b**3 + b + 2*b**3 - b**2. Let z(h) = -5*p(h) + r(h). Calculate the remainder when 9 is divided by z(5).
3
Let c = 332 - 177. Let b(d) = d**3 - 8*d**2 + 8*d - 11. Let v be b(7). What is the remainder when 23 is divided by c/20 - 1/v?
7
Suppose g = -0*g + 5*k - 24, g - 3*k = -24. Let a = g - -41. What is the remainder when 48 is divided by a?
14
Suppose -h = -4*h - 2*v + 39, -v + 3 = 0. Suppose 8*g - 3*g - 19 = -4*p, 3*g - 13 = -4*p. Calculate the remainder when p + 42 + 6/(-3) is divided by h.
8
Suppose -2*j + 3 = -j. Calculate the remainder when 55 is divided by (28 - -2)*j/6.
10
Suppose -4*x = 4*s - 3*s - 872, -s + 221 = x. What is the remainder when x is divided by 28?
21
Suppose 4*f = 20, -u - 4 = -f + 7. Let z(q) = q**3 + 5*q**2 - 9*q - 8. Calculate the remainder when 20 is divided by z(u).
0
Suppose 4 = 5*t - 1. Suppose -17*h + 324 = -492. What is the remainder when h is divided by (t - -1)/((-6)/(-51))?
14
Suppose 2*i - 6 - 46 = 0. Let s = 5 - 22. Let a = -10 - s. What is the remainder when i is divided by a?
5
Let q = 40 - 20. Let c(r) = -r**2 + 49. Let z be c(0). Suppose 2*h = 5*j + 124, -3*j - j = h - z. Calculate the remainder when h is divided by q.
17
What is the remainder when (3/6)/((-1)/(-96)) is divided by ((-102)/18)/((-1)/3)?
14
Suppose 0 = -7*i + 11*i - 8. Suppose -3*x = -i*x. Suppose 2*t = -t - 4*l + 133, -2*l + 2 = x. What is the remainder when t is divided by 15?
13
Let t = 1 - 3. Let b = 6 - t. Let f = -61 - -92. Calculate the remainder when f is divided by b.
7
Suppose 3*w + 46 + 29 = 0. Suppose -157 = 11*a + 74. Let g = a - w. Calculate the remainder when 15 is divided by g.
3
Let v = 7 - 4. Suppose -4*o + 15 = v*p, 0 = 4*p - 9 - 11. Suppose 2*s - 5*s + 21 = o. Calculate the remainder when s is divided by 5.
2
Suppose -13*n + 20 = -8*n. Suppose -5*s = 4*z - 42 + 12, -s + 6 = -4*z. Calculate the remainder when s is divided by (6 - (-72)/(-16))/(2/n).
0
Let f(j) = 2*j**2 + 8*j + 54. Calculate the remainder when f(-4) is divided by 5.
4
Let i(k) = 5*k**2 + 92*k - 43. Calculate the remainder when 19 is divided by i(-19).
5
What is the remainder when 406 is divided by (-8)/(-30) - (-602)/105?
4
Suppose 31 = 5*c - 44. Let n(x) = -x + 9. Let l be n(6). Let b(j) = 8*j + 4. What is the remainder when b(l) is divided by c?
13
Let w = 1018 + -963. Calculate the remainder when 171 is divided by w.
6
Let c(u) = u**3 + 7*u**2 - 9*u + 8. Calculate the remainder when 638 is divided by c(-7).
70
Suppose 0 = 113*g - 101*g - 708. Calculate the remainder when 4481 is divided by g.
56
Suppose -14 = -3*c - 4*m, -3*c + 1 = m - 16. Let v(o) = 8*o - 3. Let x be v(2). Suppose 9*h = x*h - 16. What is the remainder when c is divided by h?
2
Suppose 61*v = 81*v - 3440. Calculate the remainder when v is divided by 58.
56
Let m = -45 + 93. Suppose -m = 4*k - 7*k. Calculate the remainder when (-5 - (-146)/6)/((-2)/(-3)) is divided by k.
13
Let o be ((-56)/20 - -4)/(4/10). What is the remainder when (-4)/14 + (-4081)/(-49) is divided by (o - 5*-3) + -1?
15
Suppose -2*a - t = -60, -4*t + 0*t = 2*a - 60. What is the remainder when a is divided by 8?
6
Let j = 79 + -5. What is the remainder when j is divided by 44?
30
Suppose 17*h - 5*c = 14*h + 87, 3*h - 63 = -3*c. Suppose -15 = -2*r + r - o, -3*r = -o - 45. Let a = r + -2. Calculate the remainder when h is divided by a.
11
Suppose -4*y = 1 + 23. Let p = 77 - y. Calculate the remainder when p is divided by 43.
40
Suppose 0 = -4*v + 8*v. Suppose v = 2*n - 10 - 14. What is the remainder when 43 is divided by n?
7
What is the remainder when 67 is divided by 10/50 + (-624)/(-30)?
4
Let r = -4 + 17. Suppose -7*u + r = -6*u. Calculate the remainder when 45 is divided by u.
6
Let q(p) = -p**3 + 37*p**2 - 73*p + 161. What is the remainder when 331 is divided by q(35)?
51
Let l = 115 - 113. Calculate the remainder when 115 is divided by l.
1
Let w = -388 + 416. Calculate the remainder when w is divided by 8/((-9)/(-6) + -1).
12
Calculate the remainder when 1 + (145 - (1 + -1 + -1)) is divided by 37.
36
Let w = 8 + -6. Suppose 0 = -g + 2*g + w, 5*c - 11 = 3*g. Let n(u) = 4*u. What is the remainder when 7 is divided by n(c)?
3
Suppose 1250 = -80*q + 8690. What is the remainder when q is divided by 52?
41
Suppose 5*c + 8*r - 12*r - 170 = 0, 4*c - 4*r = 132. What is the remainder when 1557 is divided by c?
37
Let z = 27 - 3. Let v = -37 + z. What is the remainder when (-52)/v + (35 - 1) is divided by 20?
18
Calculate the remainder when 413/((-56)/(-8)) - 2 is divided by ((-6)/(-4))/((-1)/(-2)).
0
Let l be 2*2/(-2) - -221. Suppose 2*c = 4*s - 185 - l, -s - 5*c = -79. What is the remainder when s is divided by 17?
14
Suppose 7*d - 4*d - 6 = 0, 0 = -4*m + 2*d + 104. Suppose -m - 9 = -4*y. Suppose -u = 2*u - y. What is the remainder when 11 is divided by u?
2
What is the remainder when ((-4)/(-24))/(12/4392) is divided by 42?
19
Let z = 123 - 105. What is the remainder when 55 is divided by z?
1
Suppose 14*n = 13*n + 38. Calculate the remainder when 72 is divided by n.
34
Let r(g) = -g**2 + 21. Suppose 3*j + 5*n - 52 = 129, 125 = 2*j - n. Calculate the remainder when j is divided by r(0).
20
Suppose 0 = -43*y - 357 + 13945. Calculate the remainder when y is divided by 107.
102
Let g = -6 - -10. Calculate the re